st the prime factors of h.
17, 23, 31
Let u = -13925 - -20511. What are the prime factors of u?
2, 37, 89
Suppose -883 = -57*k + 56*k. Let g = k + -503. List the prime factors of g.
2, 5, 19
Let t(d) = d**2 - 3*d - 1. Let j be t(4). Let c(u) = 4*u - 12. Let h be c(j). Let s(l) = l**2 - 3*l + 11. List the prime factors of s(h).
11
Let d(p) = 9*p**2 - 279*p - 121. What are the prime factors of d(44)?
11, 457
Let n be 42*(0/(-1) - 1). Let t = -1435 - -1424. Let h = t - n. List the prime factors of h.
31
Let u be (-24)/(3*2/(-21)). Suppose -188*w + 31*w + 3960 = -8757. Suppose w*q - u*q + 174 = 0. What are the prime factors of q?
2, 29
Suppose o + 3*o = 5*o. Suppose -6*q + 3*q + 450 = o. Suppose 5*c - 2*c = -2*d + q, -5*c - d + 257 = 0. List the prime factors of c.
2, 13
Suppose -49 = -9*v + 59. Let w be (-86)/v + (66/36)/11. Let k(h) = -22*h + 51. List the prime factors of k(w).
5, 41
What are the prime factors of (-6 + 51*5/(-30))*2266*-1?
11, 29, 103
Suppose 5*w + 6*x - 5*x = 5605, 0 = 5*w - x - 5605. Let i = 1871 - w. What are the prime factors of i?
2, 3, 5
List the prime factors of (-58466102)/(-1378) + 3*4/(-52).
2, 10607
Let b(z) = -9*z - 145 + 52 + 5*z**2 - 19 - 13*z. List the prime factors of b(-7).
7, 41
List the prime factors of (-7380 - -53)*(-2)/(-1 - -3).
17, 431
What are the prime factors of 5961 - (-7)/(28/48)?
3, 11, 181
Let k = -86 - -809. Let f = -228 + k. List the prime factors of f.
3, 5, 11
Suppose -c = -3*d - 15, 4*c - 11 = -c - d. Let z(v) = 233*v - 18. List the prime factors of z(c).
3, 227
Let l(b) = 421*b**2 + 30*b - 360. List the prime factors of l(7).
20479
Suppose 154305 - 400955 - 490262 = -88*x. List the prime factors of x.
2, 53, 79
Let a be -11*7/(-21) - (-2)/6. List the prime factors of (-9 + -64)/(a/(-24)).
2, 3, 73
Suppose 40 = 4*o - 5*o. Let h = o - -45. Suppose 0 = -3*j + h*j - 218. What are the prime factors of j?
109
Let q(c) = c**2 - 10*c - 17. Let o be q(12). Let m(f) = 2*f**3 - 12*f**2 + f - 15. What are the prime factors of m(o)?
2, 3, 5
Let b(y) = y**2 - y. Let u be b(2). Suppose 5*z = u*n - 253, -3*n - 2*n = 2*z - 618. Suppose -g + 2*g = n. List the prime factors of g.
2, 31
Let c be (-494)/2*(7 + (11 - 16)). Let j = -307 - c. List the prime factors of j.
11, 17
Let m(x) = -x**3 + 26*x**2 + 29*x - 48. Let w be m(27). Suppose 11*l = -w*l + 18122. List the prime factors of l.
2, 13, 41
Let v be (((-378)/15)/(-7))/(1/120). Let g = v - -153. What are the prime factors of g?
3, 5, 13
Let o(i) = -54*i**3 - 5*i**2 - 4*i + 3. Let u = 14 + -19. Let a(p) = 107*p**3 + 9*p**2 + 7*p - 5. Let h(d) = u*o(d) - 3*a(d). List the prime factors of h(-1).
2, 5
Let w(x) = 6*x + 95. Let t be w(-14). Let k(u) = 47*u + 160. What are the prime factors of k(t)?
677
Let k be (-1 - -2) + -1 + 84/14. Suppose k*x - 79 - 377 = 0. List the prime factors of x/10 - -5 - 2/(-5).
13
Suppose j - 3 - 2 = 0. Suppose j*p + 320 = 5*b, 5*p + 306 = -b - b. Let g = -49 - p. What are the prime factors of g?
13
Suppose 2*j + 58 = -h, -j - 13 = -h + 13. Let i be ((-12)/(-105))/((-8)/j)*20. Suppose 4*t - 56 = -l, i*l - 3*t - 165 = 3*l. List the prime factors of l.
2, 3
Let r(t) = 1940*t**2 + 358*t - 1414. What are the prime factors of r(4)?
2, 53, 293
Let i(z) = -1209*z**3 + 4*z**2 - 125*z - 128. List the prime factors of i(-1).
2, 5, 11
List the prime factors of 21 + (-5 + 15 - -49513).
2, 11, 563
Suppose -108*y - 239*y + 637762 = -332797. What are the prime factors of y?
2797
Let p(t) = -646*t + 13. What are the prime factors of p(-8)?
3, 11, 157
Let c = 2484 - -5152. List the prime factors of c.
2, 23, 83
Suppose 5*n + 5*i - 60262 = 25083, -3*n + 51199 = i. List the prime factors of n.
5, 3413
Let v(d) be the second derivative of -d**5/20 + d**4/3 + 11*d**3/3 - 2*d**2 - 60*d. List the prime factors of v(-8).
2, 3, 7
Let a(p) = 10*p**2 - 4*p - 2. Suppose 2*c + 7*c - 18 = 0. Let d be a(c). Suppose d*v + 516 = 34*v. List the prime factors of v.
3, 43
List the prime factors of 21911 + (-1 - -22) + -13.
23, 953
Suppose 0 = 5*f - 4*y - 7633 + 1773, 5*f - 2*y - 5850 = 0. Suppose 0 = -4*a + 2*m + f, -6*a - 5*m = -5*a - 281. What are the prime factors of a?
3, 97
Let z(u) = 813*u**3 - 14*u**2 + 33*u - 10. List the prime factors of z(2).
2, 3, 271
Suppose 0 = -2*d - 0*n + 5*n + 808, 0 = 5*d - n - 1974. Suppose -3*h - 619 = 4*j - 95, -2*h = 3*j + d. What are the prime factors of (j/(-6) + 1)/((-16)/(-48))?
2, 5, 7
Let i(b) be the first derivative of 7*b**2 - 8*b**2 - 9*b**2 + b**3 + 0 - 16 + 9*b. List the prime factors of i(9).
2, 3
Let m be 9*8 + 4/(24/18). Let x = m - 73. What are the prime factors of x?
2
Let f(i) = -6*i. Let y(z) = -z - 1. Let l(v) = -f(v) - 3*y(v). Suppose 0 = -2*n + 2 + 2. What are the prime factors of l(n)?
3, 7
Let o = 12236 + -6979. What are the prime factors of o?
7, 751
Let a be (3 - (5 + 1)) + 265 + -3. Let z = a - 101. List the prime factors of z.
2, 79
Suppose 0 = -j + 5*j + 4*b + 12, 4*j + 5 = 3*b. List the prime factors of 57 + j - 5/(15/(-9)).
2, 29
Let q be (-4*130/(-3))/((-10)/(-30)). Suppose 5*h - h = q. Let x = h - 92. What are the prime factors of x?
2, 19
Suppose -8*w = 5*w + 3562. Let h = w + 303. List the prime factors of h.
29
Let x(w) be the third derivative of -w**6/120 + 17*w**5/60 + w**4/24 + 25*w**3/6 - 176*w**2. What are the prime factors of x(12)?
757
Let u = -2628 - -5896. What are the prime factors of u?
2, 19, 43
Suppose -5*r + 2*z + 346 = 0, -5*r - 60 = z - 412. What are the prime factors of (-30)/(-4)*(-21)/r*-8?
2, 3
Suppose 129*x - 137*x = 0. Suppose x = -8*h + 1587 + 221. List the prime factors of h.
2, 113
Let z be 3381 + (6 + (4 - 4) - 3). Suppose 13*f - 5*f = -z. List the prime factors of 2/(-4) - f/6.
2, 5, 7
Suppose 3*m = -4*w - 1265 + 232, -762 = 3*w - 2*m. Suppose 4*z = 2*z - 262. Let k = z - w. What are the prime factors of k?
5
Let y(o) = -2271*o - 1103. What are the prime factors of y(-4)?
23, 347
Let t(z) = -50*z + 133. Let i(v) = 6*v - 127. Let j be i(19). What are the prime factors of t(j)?
3, 29
Let v(i) = i**3 - 44*i**2 + 112*i - 3. Suppose -4*d = 4*w - 180, 0 = -w - 2*w - 2*d + 132. What are the prime factors of v(w)?
3, 17, 23
List the prime factors of (-2 + -35 + 36)*-13*(1406 - 1).
5, 13, 281
Let m = 244 - 74. Suppose 4*i - 147 - 68 = y, 5*i = -y - m. Let a = 315 + y. List the prime factors of a.
2, 3, 5
Let v = 38 + -34. List the prime factors of -6 + (v + 518)/6.
3
Suppose -5*i - 45 = -0*i. Let b(q) = 12*q**2 - 18*q - 152. List the prime factors of b(i).
2, 491
List the prime factors of 17/68*16*6481.
2, 6481
Let g = 3043 + -2605. What are the prime factors of g?
2, 3, 73
List the prime factors of (-18302)/((44/88)/((-9)/12)).
3, 9151
Let m = 9299 - 5129. List the prime factors of m.
2, 3, 5, 139
Suppose 5*z + 21*z - 3*z - 22287 = 0. List the prime factors of z.
3, 17, 19
Let j = 908 + -585. What are the prime factors of j?
17, 19
Let g(y) = -176*y**2 - 15*y - 1. Let o be g(3). Let l = 2757 + o. What are the prime factors of l?
7, 23
Suppose -2*g + 4858 = -459*b + 461*b, -g - 2*b = -2423. What are the prime factors of g?
5, 487
Let z = 449 - 435. Suppose -2*i + z*p = 12*p - 864, p + 5 = 0. List the prime factors of i.
7, 61
Let l = 50536 + -17748. List the prime factors of l.
2, 7, 1171
Suppose -2*k - 18 = -8*k. Suppose -2*c - k*m = -3, 7 = -2*c + 6*c + 5*m. Suppose -389 = -2*o - 3*b, 3*o = -o - c*b + 769. What are the prime factors of o?
2, 5, 19
Suppose -3*o + 4*j + 26313 = 0, 13*j = -3*o + 14*j + 26304. What are the prime factors of o?
11, 797
Let b(p) = -p**2 + 44*p + 31. Let t be b(20). Let c = t - 255. What are the prime factors of c?
2
Suppose -3*u - 2*u = 5*b - 340, -u - 5*b + 72 = 0. Let x = -64 + u. Suppose -465 = 4*n - 8*n - x*v, -3*v = 3*n - 345. What are the prime factors of n?
2, 3, 5
Let f be 40/20 - (-3 + -1). Let a be 0/f - (-4)/2. Suppose 0*c - 36 = -3*c + 3*d, -46 = -4*c + a*d. What are the prime factors of c?
11
Let c(s) = -2*s + 12. Let q be c(4). Let y(g) = 6*g - 22. Let f be y(q). Suppose 0 = m + f*z + z - 56, m - 3*z = 86. List the prime factors of m.
71
Let j be (-1)/((-1)/(-12)) + 1. Let v(l) = -l**2 - 10*l + 23. Let h be v(j). List the prime factors of (2/(-6))/((-4)/h)*24.
2, 3
Let t be (-403)/(-26)*20/2. Suppose -25 = -6*q + q. Suppose -t - 510 